- 3*z. Let w be g(7). Let l = w + -121. Suppose h = 3*h - l. What is the remainder when h is divided by 15?
12
Suppose 3*z - 4*n = 10, -4*n + 12 = 5*z - 6*n. Suppose -4*u + 62 - z = 0. What is the remainder when 73 is divided by u?
13
Let k(y) = 4*y**2 + 2*y + 1. Let l be k(-1). Suppose -l*n + 2*c = -30, -4*n + 41 = -3*c - 0*c. What is the remainder when 28 is divided by n?
4
Suppose -w + 10 - 2 = 0. Suppose 2*b = 7*b - 115. What is the remainder when b is divided by w?
7
Suppose 0 = 5*o - 0*o. Calculate the remainder when 62 is divided by (0 - o) + 42/2.
20
Let c be (8/(-12))/((-1)/3). Suppose -7*d - c*j = -3*d - 66, -3*d + 60 = 5*j. Calculate the remainder when 43 is divided by d.
13
Let k(g) = -g - 14. Let c be k(-17). What is the remainder when 3/((-5)/((-50)/c)) is divided by 6?
4
Let x = -18 + 26. What is the remainder when 29 is divided by x?
5
Suppose 7*s + 166 = 8*s. Suppose -2*i - 4*l = -s, 4*i - 3*l = -0*l + 343. Calculate the remainder when i is divided by 22.
19
Let s(m) = m - 4. Let x(k) = -3*k + 7. Let y(d) = -7*s(d) - 4*x(d). What is the remainder when 7 is divided by y(1)?
2
Suppose 7*y - 2*w - 72 = 2*y, -y = 3*w - 28. Suppose -3*m + y = -8. What is the remainder when 13 is divided by m?
5
What is the remainder when (6/(-4))/(3/(-158)) is divided by 27?
25
Let u(n) = -n**3 - 5*n**2 + 6*n + 9. Let r = 41 - 25. What is the remainder when r is divided by u(-6)?
7
Let a(f) = f**2 + 3*f + 1. Let u be 1/(-2)*-62 - -1. Let p = -22 + u. Calculate the remainder when a(-6) is divided by p.
9
Let m = 0 + 0. Let a(t) = 2*t + 1. Let g be a(1). Suppose -g*h + h + 16 = m. Calculate the remainder when 23 is divided by h.
7
Let s(u) = u**3 - u**2 - 2*u + 3. Calculate the remainder when s(4) is divided by 15.
13
Suppose 0 = 2*l - 5*n - 29, 3*n + 44 = 5*l - 0*l. Calculate the remainder when 25 is divided by l.
4
Suppose 0 = -w - 2*w, 0 = 2*y - w - 6. What is the remainder when y is divided by 2?
1
Let b(d) = -60*d - 4. Calculate the remainder when 278 is divided by b(-1).
54
Calculate the remainder when ((-20)/12 - 0)*-27 is divided by 12.
9
What is the remainder when -1 + (-5)/5 - -51 is divided by 26?
23
Calculate the remainder when 13 is divided by (-2)/(-5) - (-99)/15.
6
Let d(w) = -w**3 + 8*w**2 - 4*w + 11. Let s = 35 + -20. Calculate the remainder when d(6) is divided by s.
14
Let j(v) be the third derivative of v**6/36 + v**4/12 - v**2. Let b(y) be the second derivative of j(y). Calculate the remainder when b(1) is divided by 11.
9
Let x = 25 + -11. Suppose 5*t - 3*m - 14 + 0 = 0, -t + 2*m = 0. Suppose 0 = -t*n + 37 + 71. What is the remainder when n is divided by x?
13
Suppose 13 + 52 = 5*d. What is the remainder when 77 is divided by d?
12
Suppose 0 = 6*d - 5*d. Suppose d = 3*t - 6*t. Suppose 0 = r - t*r - 7. What is the remainder when 20 is divided by r?
6
Suppose 5*p + 0*p = 4*y - 75, -5*y - 3*p = -66. Suppose 18 - 34 = -2*k. What is the remainder when y is divided by k?
7
Suppose v - 4 = 19. Suppose 17 + v = 4*z. What is the remainder when -1*1 + 8*5 is divided by z?
9
Let y(l) = -l**2 + 17*l - 20. Calculate the remainder when y(15) is divided by 4.
2
Suppose 2*v - 14 = 2*x + 14, -4*x = -12. Calculate the remainder when 83 is divided by v.
15
Suppose -5*y + 93 = 8. What is the remainder when 67 is divided by y?
16
Suppose -5*a = -56 - 69. Suppose 0 = -4*x + 307 - 115. Calculate the remainder when x is divided by a.
23
Let j be (-4*3/6)/1. Let h be (0*(-1)/(-1))/j. Suppose h = -3*r + 15, 4*i - 3*i + 5*r - 58 = 0. Calculate the remainder when i is divided by 17.
16
Let w(x) = -2*x**3 - 2*x**2 + 4. Suppose -3*g + 0 = -6. Let u be (2 - 8/g) + -1. What is the remainder when w(u) is divided by 14?
12
Let p(h) = h**3 + 9*h**2 + 4*h - 19. Calculate the remainder when p(-8) is divided by 4.
1
Let i = -1 + -3. Let u = i - -8. What is the remainder when (-8)/(-3)*3*u is divided by 11?
10
Let m(v) = -2*v - 4. Let t be m(-4). Suppose -5*i + d + 173 = 0, -5*i + 74 = -3*i + 2*d. What is the remainder when i is divided by ((-6)/t)/(2/(-24))?
17
Suppose -2*o + 80 = -0*o. Let r(u) = 4*u**2 - 3*u - 15. Calculate the remainder when o is divided by r(-2).
5
Let c(b) = -b**2 + 10*b - 1. What is the remainder when 28 is divided by c(8)?
13
Let v = 12 + 18. Suppose -v = -l + 17. What is the remainder when l is divided by 16?
15
Let g(h) = -5*h - 1. Suppose -5*f - 1 = 4. What is the remainder when 10 is divided by g(f)?
2
Suppose -x = 3*x - 12. Calculate the remainder when 3 is divided by x.
0
Suppose -6*m + 133 = 19. What is the remainder when 65 is divided by m?
8
Suppose 0 = -3*g + 3*i - 15, 0 = -4*g - 2*i + 7 + 3. Let k be (1 - g)*-1 - -3. Suppose k*c - 20 - 14 = 0. What is the remainder when c is divided by 9?
8
Suppose 184 = 8*m + 16. Calculate the remainder when m is divided by 11.
10
Let j = -2 - -14. Suppose a = -j + 3. Let t(p) = p**2 + 7*p - 12. Calculate the remainder when 22 is divided by t(a).
4
Suppose 0*u + 3*u = -15, 122 = 4*v - 2*u. Calculate the remainder when v is divided by 15.
13
Let j(o) = -5*o**2 + 2*o - 1. Let v be j(1). Let m = -529 + -65. What is the remainder when m/(-21) + v/14 is divided by 10?
8
Let p(h) = -h**3 - 4*h**2 - 2*h + 3. Let z be p(-4). Calculate the remainder when 65 is divided by (-4)/(16/z)*-8.
21
Suppose 2*l - 2*r = 174, -3*r = l + 3*l - 341. Let x = -50 + l. What is the remainder when x is divided by 13?
10
Let j be -1*0/(1/(-1)). Suppose j = 4*t + t - 20. What is the remainder when 6 is divided by t?
2
Let b(v) be the second derivative of -v**6/180 + v**4/12 - v. Let w(d) be the third derivative of b(d). What is the remainder when 6 is divided by w(-1)?
2
Let b = -15 - -23. Let r(m) = 13*m**3 + m**2 - m + 1. Let o(x) = -x**3 - 4*x**2 - x - 3. Let v be o(-4). What is the remainder when r(v) is divided by b?
6
Suppose 0 = 3*b - 7 + 1. Suppose -21 = -3*a - 2*g + 7*g, 4*a = b*g + 14. Calculate the remainder when 6 is divided by a.
0
What is the remainder when ((-2)/(-4))/((-1)/(-66)) is divided by 18?
15
Let l = 22 + 23. Let d = 1 + l. Suppose 18 = 4*n - d. What is the remainder when 46 is divided by n?
14
Let i(j) = 5*j**3 - 2*j**2 - j - 1. What is the remainder when i(2) is divided by 8?
5
Calculate the remainder when 7 is divided by ((-27)/(-45))/(((-2)/2)/(-5)).
1
Let p(k) = k + 10. Let n be p(-8). What is the remainder when 164/((4 - n) + 0) is divided by 28?
26
Let l(d) = 4*d**2 - 5*d + 32. What is the remainder when l(5) is divided by 28?
23
Let d = -14 - -18. What is the remainder when 13 is divided by d?
1
Let g(k) = k**2 - 2*k + 3. Let w be g(2). Suppose -3*y = -2*a + 6*a - 6, -w*y - 3 = a. What is the remainder when 5 is divided by a?
2
Let o(f) = -f + 7. Let d be o(6). Calculate the remainder when 35 is divided by 21/(-7) - -21*d.
17
Suppose -2*i + a = -49, 4*i - 2*a - 54 = 2*i. Calculate the remainder when (65/(-4))/((-1)/4) is divided by i.
21
Let i(o) = -o**3 + 5*o**2 + 6*o + 5. What is the remainder when (-4 + -30)/(4/(-2)) is divided by i(6)?
2
Let p(o) be the second derivative of -o**3/6 + 10*o**2 - 3*o. What is the remainder when p(0) is divided by 11?
9
Suppose -11*a + 274 = 98. Calculate the remainder when 46 is divided by a.
14
Let o(v) = -3*v + 3. Let f(n) = -n**2 - 7*n + 3. Let l be f(-8). What is the remainder when 34 is divided by o(l)?
16
Let f = 94 - 62. Let t(w) = -14*w - 3. What is the remainder when f is divided by t(-1)?
10
Suppose 2*x = -2*x - 16, 0 = -4*c + 4*x + 20. Suppose n - 13 + c = 0. Let r = -53 + 76. Calculate the remainder when r is divided by n.
11
Let l(q) = -q - 2. Suppose 3*p - 33 = -3*w - 3, -2*p + 2*w = -12. Let h be l(p). What is the remainder when 20/((12/h)/(-3)) is divided by 17?
16
Suppose -6*o = 2*o - 576. Calculate the remainder when o is divided by 15.
12
What is the remainder when (-119)/(-9) + 4/(-18) is divided by 4?
1
Let z(k) = -k**3 - 7*k**2 + 8*k + 4. Let h be (-26)/(-4)*3*-4. Let c be h/10 - 4/20. What is the remainder when z(c) is divided by 3?
1
Suppose 0*q - 12 = -3*q + 5*f, -3*q = 4*f - 39. Calculate the remainder when q is divided by 3.
0
Let t(f) = f**3 - 12*f**2 - 29*f + 29. What is the remainder when 49 is divided by t(14)?
4
Suppose 1 = -3*d - a + 10, 5*d = -3*a + 19. Suppose 2*s + b = 35, -d*b = 2*s - 19 - 13. What is the remainder when